).
-9
Let l(n) = -109*n**3 + 488*n**2 - 5*n + 2. What is l(4)?
814
Let p(h) = 2*h**3 + 46*h**2 - 354*h - 67. Determine p(-29).
107
Let a(o) = o**3 - 83*o**2 + 1368*o + 274. Give a(23).
-2
Let s(x) = -448*x**2 + 1801*x - 30. Determine s(4).
6
Let i(d) = 455624*d + 20503082. Give i(-45).
2
Let i(q) = -60*q**2 - 1700*q - 3553. What is i(-26)?
87
Let b(h) = -1099*h + 46208. Calculate b(42).
50
Let u(g) = 2198*g - 665989. What is u(303)?
5
Let j(n) = -59780*n + 6336673. What is j(106)?
-7
Let g(u) = -u**3 - 4*u**2 - 19*u - 248. Give g(-9).
328
Let r(t) = -t**3 - 46*t**2 - 51*t - 342. What is r(-45)?
-72
Let a(m) = 61*m - 883. Determine a(11).
-212
Let k(w) = 9*w**3 - 4*w**2 + 66*w - 405. Calculate k(5).
950
Let x(w) = -9*w**3 - 3*w**2 + 229*w - 696. Give x(3).
-279
Let s(j) = 36303*j + 145364. Calculate s(-4).
152
Let a(i) = i**3 - 285*i**2 - 293*i + 1908. What is a(286)?
-94
Let g(z) = -53803*z - 2421151. Give g(-45).
-16
Let g(i) = 19*i**2 + 1546*i - 987. Calculate g(-82).
-3
Let v(i) = i**3 + 8*i**2 - 118*i - 391. Give v(-3).
8
Let h(l) = l**2 - 130*l - 1399. Determine h(140).
1
Let u(q) = 12*q**2 - 660*q + 656. Give u(1).
8
Let j(m) = -44*m - 6854. Calculate j(-164).
362
Let a(n) = -10565*n + 866396. Give a(82).
66
Let t(c) = -c**3 + 300*c**2 + 283*c + 5424. What is t(301)?
6
Let h(z) = 312*z - 10509. What is h(34)?
99
Let l(z) = -4*z**2 + 155348*z - 466028. Determine l(3).
-20
Let b(x) = -x**3 - 39*x**2 - 442*x - 1161. Determine b(-18).
-9
Let p(y) = -293*y**2 - 1629*y + 1628. What is p(1)?
-294
Let u(n) = -55*n**2 + 944*n + 8808. Determine u(-9).
-4143
Let w(d) = 2719*d + 127781. Give w(-47).
-12
Let u(n) = -n**3 - 102*n**2 + 13023*n + 1. Determine u(-176).
177
Let d(w) = 2*w**3 - 19*w**2 - 97*w + 567. What is d(-7)?
-371
Let t(s) = 225*s + 46713. Calculate t(-208).
-87
Let n(q) = 136*q**2 + 166*q - 7. Determine n(1).
295
Let x(g) = 4*g**3 + g**2 - 731*g - 2190. Determine x(-3).
-96
Let m(g) = 8*g**2 - 800*g - 813. Give m(101).
-5
Let x(f) = -f**3 - 56*f**2 - 872*f - 21116. Determine x(-47).
-13
Let g(c) = -9*c**3 + 63*c**2 - 80*c + 23. Give g(5).
73
Let y(s) = -11*s**2 - 425*s - 2721. Determine y(-7).
-285
Let q(z) = -2*z**2 + 162953*z - 651810. Give q(4).
-30
Let f(c) = c**3 - 11*c**2 - 1147*c - 3304. Calculate f(-3).
11
Let p(a) = a**2 - 195*a - 33546. Give p(-110).
4
Let y(m) = 470*m + 4647. Determine y(-9).
417
Let q(k) = 298998*k - 52623644. Determine q(176).
4
Let d(v) = -135*v - 14320. Give d(-106).
-10
Let r(i) = 2347*i**2 + 194803*i + 174. What is r(-83)?
8
Let p(d) = -714*d + 6805. Give p(10).
-335
Let z(u) = -290*u**3 + 841*u**2 - 2527*u - 1. Calculate z(3).
-7843
Let v(q) = 22836*q - 525173. Calculate v(23).
55
Let j(i) = 8*i**3 + 48*i**2 - 1709*i + 209. What is j(-18)?
-133
Let c(k) = -1220*k + 53759. Calculate c(44).
79
Let b(t) = 394*t**3 + 958*t**2 - 675*t - 2. Determine b(-3).
7
Let m(l) = -2*l**2 + 12713*l - 1423288. What is m(114)?
2
Let j(h) = h**2 + 5051*h + 2990714. Give j(-685).
4
Let m(r) = -3*r**2 - 42*r - 1666. Determine m(-15).
-1711
Let d(v) = -3165*v - 59273. Give d(-19).
862
Let f(j) = 60*j**2 - 166*j - 37. Determine f(4).
259
Let r(z) = 243*z**2 + 37*z - 28. Calculate r(1).
252
Let a(f) = -f**3 - 281*f**2 - 3474*f - 894318. Calculate a(-280).
2
Let w(n) = 422*n - 3334. Determine w(8).
42
Let l(j) = -6600*j - 455400. What is l(-69)?
0
Let m(o) = 4*o**3 - 1071*o**2 + 803*o - 487. Determine m(267).
47
Let d(v) = -1079*v - 98313. Determine d(-91).
-124
Let x(j) = -307*j**2 + 42366*j + 116. What is x(138)?
116
Let q(i) = 3*i**3 + 107*i**2 - 207*i + 2071. Give q(-38).
-171
Let w(s) = s**2 + 11502*s - 57536. Determine w(5).
-1
Let p(h) = -348*h + 641. Determine p(-3).
1685
Let w(v) = -1498*v + 3026. Calculate w(2).
30
Let s(y) = -180*y**2 - 2213*y - 52. Calculate s(-13).
-1703
Let a(z) = 648*z + 21545. What is a(-32)?
809
Let k(m) = -137*m**3 - 5*m**2 + 2485*m - 4938. Give k(2).
-1084
Let w(f) = -f**3 - 21*f**2 - 184*f + 32. What is w(-11)?
846
Let z(t) = 4*t**3 - 16*t**2 - 185*t + 18. Determine z(9).
-27
Let n(f) = -395*f**2 - 490*f - 484. Determine n(-1).
-389
Let z(b) = -130*b - 2275. Calculate z(-23).
715
Let u(w) = w**3 - 5*w**2 - 25*w + 43. Give u(14).
1457
Let u(z) = -41*z**2 - 1080*z + 4338. What is u(4)?
-638
Let w(f) = -6*f**3 + 43*f**2 + 10*f - 9. Give w(-1).
30
Let d(j) = -483*j + 7863. Determine d(16).
135
Let c(s) = s**2 + 4623*s + 110368. Give c(-24).
-8
Let y(h) = h**3 - 22*h**2 - 719*h + 13647. Calculate y(31).
7
Let t(r) = 39423*r - 236633. What is t(6)?
-95
Let y(k) = -4305*k - 3547310. Give y(-824).
10
Let c(t) = t**2 + 1041*t - 60049. What is c(55)?
231
Let b(a) = a**2 + 436*a + 3845. Determine b(-9).
2
Let o(r) = -2*r**2 - 582*r + 40. Calculate o(-291).
40
Let h(w) = w**3 + 162*w**2 + 2722*w + 17. Give h(-143).
-698
Let p(y) = -108*y**2 - 32*y + 35. Give p(5).
-2825
Let i(m) = -m**3 + 48*m**2 - 294*m + 289. Give i(41).
2
Let m(s) = s**2 + 97*s + 709. Calculate m(-32).
-1371
Let v(h) = h**3 - 17*h**2 + 44*h - 38. Determine v(6).
-170
Let o(y) = -10*y**2 + 830*y + 830. What is o(-1)?
-10
Let r(j) = 2*j**2 + 521*j - 10139. Calculate r(19).
482
Let s(g) = 13*g**2 + 161*g + 352. Determine s(-9).
-44
Let p(k) = 111*k - 3227. Determine p(48).
2101
Let p(h) = h**3 - 11*h**2 + 368*h + 3446. Calculate p(-7).
-12
Let l(g) = -2*g**2 - 433*g - 4716. Give l(-11).
-195
Let t(n) = -49358*n - 542950. Calculate t(-11).
-12
Let t(h) = -h**2 - 17981*h - 1235985. Give t(-69).
-57
Let n(q) = 8*q**2 - 2544*q - 20428. Determine n(-8).
436
Let w(v) = 10*v**2 - 4659*v + 58425. Determine w(453).
-12
Let l(w) = 5*w**2 - 5*w - 192. Give l(-12).
588
Let t(s) = -33*s**2 - 457*s - 1614. Determine t(-7).
-32
Let j(y) = 2*y**3 + 262*y**2 + 510*y - 796. Calculate j(-129).
-22
Let f(s) = 3*s**3 + 43*s**2 + 118*s + 27. Calculate f(-10).
147
Let w(s) = 11674*s + 23376. Determine w(-2).
28
Let o(z) = -3*z**3 - 2302*z**2 - 333683*z - 597. Determine o(-194).
-15
Let k(r) = r**3 - 73*r**2 - 304*r - 36. Determine k(77).
272
Let v(h) = 912*h - 320132. What is v(351)?
-20
Let d(m) = 88743*m. Calculate d(0).
0
Let k(z) = 1315763*z - 5263046. What is k(4)?
6
Let b(i) = -i**2 + 222*i - 5086. Give b(27).
179
Let y(l) = -1259*l - 41092. Determine y(-33).
455
Let n(y) = -55*y**2 - 292*y - 198. What is n(-8)?
-1382
Let n(s) = 106551*s + 106456. What is n(-1)?
-95
Let a(o) = 251*o + 10549. Calculate a(-42).
7
Let s(q) = -5910*q - 18272. What is s(-3)?
-542
Let j(y) = -243*y - 84819. Determine j(-346).
-741
Let y(j) = -9523*j + 20149. Determine y(2).
1103
Let p(o) = 54*o**3 + 3*o**2 + 247*o - 488. Determine p(2).
450
Let t(h) = -19496*h - 97591. Calculate t(-5).
-111
Let u(h) = -10*h**3 + 1451*h**2 - 3002*h - 156. What is u(143)?
-13
Let r(l) = -14*l + 154. Give r(-19).
420
Let p(k) = -k**2 + 13*k + 5371. Give p(-65).
301
Let t(q) = -4*q**2 + 704*q - 15115. What is t(25)?
-15
Let c(w) = 1993*w**2 - 11865*w - 439. Determine c(6).
119
Let t(p) = 5585*p - 278234. What is t(50)?
1016
Let p(y) = y**3 - 32*y**2 + 681*y - 5639. Calculate p(13).
3
Let w(c) = -6*c**2 - 24*c + 847. Determine w(-11).
385
Let m(c) = -1301*c - 19386. Calculate m(-15).
129
Let r(t) = -4*t**3 - 15*t**2 + 379*t + 1161. Give r(-3).
-3
Let a(x) = x**2 + 1954*x - 141650. Calculate a(70).
30
Let l(y) = 2281*y - 10963. What is l(5)?
442
Let f(r) = -2*r**2 - 1293*r + 52756. Determine f(-685).
11
Let o(g) = -27229*g + 626272. Give o(23).
5
Let d(v) = -238592*v + 1908686. Give d(8).
-50
Let g(h) = -18*h**3 + 108*h**2 - 130*h + 775. Determine g(6).
-5
Let w(x) = x**3 - 35*x**2 - 503*x - 127. Give w(46).
11
Let h(i) = 92*i - 487. Calculate h(-11).
-1499
Let s(o) = -23377*o + 257144. What is s(11)?
-3
Let l(s) = -s**2 + 27579*s + 2323700. What is l(-84)?
8
Let p(j) = j**3 - 4*j**2 - 174*j - 595. Give p(-5).
50
Let p(r) = r**3 - 35*r**2 + 8198*r - 296372. Calculate p(36).
52
Let j(w) = 1740*w - 109567. Calculate j(63).
53
Let q(j) = 33*j - 4269. Calculate q(132).
87
Let u(c) = 51*c**3 - 217*c**2 + 11*c + 19. Calculate u(4).
-145
Let m(i) = 2129*i + 15063. What is m(-7)?
160
Let l(f) = -767*f + 52886. Calculate l(69).
-37
Let h(o) = -85*o**2 - 47*o + 32. What is h(-1)?
-6
Let u(t) = 1475*t + 20761. What is u(-14)?
111
Let t(a) = 1217564*a - 4870256. Calculate t(4).
0
Let z(t) = 323*t**2 - 